{"version":"1.0","provider_name":"UAGA","provider_url":"https:\/\/www.uaga.eus\/eu","title":"UAGA ha celebrado esta semana una JUNTA PROVINCIAL - UAGA","type":"rich","width":600,"height":338,"html":"<blockquote class=\"wp-embedded-content\" data-secret=\"FX4yuhVd7z\"><a href=\"https:\/\/www.uaga.eus\/eu\/uaga-ha-celebrado-esta-semana-una-junta-provincial\/\">UAGA ha celebrado esta semana una JUNTA PROVINCIAL<\/a><\/blockquote><iframe sandbox=\"allow-scripts\" security=\"restricted\" src=\"https:\/\/www.uaga.eus\/eu\/uaga-ha-celebrado-esta-semana-una-junta-provincial\/embed\/#?secret=FX4yuhVd7z\" width=\"600\" height=\"338\" title=\"&#8220;UAGA ha celebrado esta semana una JUNTA PROVINCIAL&#8221; &#8212; UAGA\" data-secret=\"FX4yuhVd7z\" frameborder=\"0\" marginwidth=\"0\" marginheight=\"0\" scrolling=\"no\" class=\"wp-embedded-content\"><\/iframe><script type=\"text\/javascript\">\n\/* <![CDATA[ *\/\n\/*! This file is auto-generated *\/\n!function(d,l){\"use strict\";l.querySelector&&d.addEventListener&&\"undefined\"!=typeof URL&&(d.wp=d.wp||{},d.wp.receiveEmbedMessage||(d.wp.receiveEmbedMessage=function(e){var t=e.data;if((t||t.secret||t.message||t.value)&&!\/[^a-zA-Z0-9]\/.test(t.secret)){for(var s,r,n,a=l.querySelectorAll('iframe[data-secret=\"'+t.secret+'\"]'),o=l.querySelectorAll('blockquote[data-secret=\"'+t.secret+'\"]'),c=new RegExp(\"^https?:$\",\"i\"),i=0;i<o.length;i++)o[i].style.display=\"none\";for(i=0;i<a.length;i++)s=a[i],e.source===s.contentWindow&&(s.removeAttribute(\"style\"),\"height\"===t.message?(1e3<(r=parseInt(t.value,10))?r=1e3:~~r<200&&(r=200),s.height=r):\"link\"===t.message&&(r=new URL(s.getAttribute(\"src\")),n=new URL(t.value),c.test(n.protocol))&&n.host===r.host&&l.activeElement===s&&(d.top.location.href=t.value))}},d.addEventListener(\"message\",d.wp.receiveEmbedMessage,!1),l.addEventListener(\"DOMContentLoaded\",function(){for(var e,t,s=l.querySelectorAll(\"iframe.wp-embedded-content\"),r=0;r<s.length;r++)(t=(e=s[r]).getAttribute(\"data-secret\"))||(t=Math.random().toString(36).substring(2,12),e.src+=\"#?secret=\"+t,e.setAttribute(\"data-secret\",t)),e.contentWindow.postMessage({message:\"ready\",secret:t},\"*\")},!1)))}(window,document);\n\/* ]]> *\/\n<\/script>\n","thumbnail_url":"https:\/\/www.uaga.eus\/wp-content\/uploads\/2018\/09\/LOGO-UAGA.jpg","thumbnail_width":350,"thumbnail_height":260,"description":"Esta semana UAGA ha celebrado una Junta Provincial principalmente para planificar el pr\u00f3ximo Congreso de UAGA, que tendr\u00e1 lugar el 18 de diciembre. Se ha debatido el contenido de las ponencias y la sistem\u00e1tica para la celebraci\u00f3n del Congreso, convocando Asambleas Comarcales para elegir los delegados de cada comarca. En la Junta Provincial se han [&hellip;]"}

Esta semana UAGA ha celebrado una Junta Provincial principalmente para planificar el próximo Congreso de UAGA, que tendrá lugar el 18 de diciembre. Se ha debatido el contenido de las ponencias y la sistemática para la celebración del Congreso, convocando Asambleas Comarcales para elegir los delegados de cada comarca. En la Junta Provincial se han [&hellip;]
