{"version":"1.0","provider_name":"UAGA","provider_url":"https:\/\/www.uaga.eus\/eu","title":"Idiazabal Jatorri Deituraren Urteko Batzarra egin da - UAGA","type":"rich","width":600,"height":338,"html":"<blockquote class=\"wp-embedded-content\" data-secret=\"vjteECFm7u\"><a href=\"https:\/\/www.uaga.eus\/eu\/celebrada-la-asamblea-anual-de-la-do-idiazabal\/\">Idiazabal Jatorri Deituraren Urteko Batzarra egin da<\/a><\/blockquote><iframe sandbox=\"allow-scripts\" security=\"restricted\" src=\"https:\/\/www.uaga.eus\/eu\/celebrada-la-asamblea-anual-de-la-do-idiazabal\/embed\/#?secret=vjteECFm7u\" width=\"600\" height=\"338\" title=\"&#8220;Idiazabal Jatorri Deituraren Urteko Batzarra egin da&#8221; &#8212; UAGA\" data-secret=\"vjteECFm7u\" frameborder=\"0\" marginwidth=\"0\" marginheight=\"0\" scrolling=\"no\" class=\"wp-embedded-content\"><\/iframe><script type=\"text\/javascript\">\n\/* <![CDATA[ *\/\n\/*! This file is auto-generated *\/\n!function(d,l){\"use strict\";l.querySelector&&d.addEventListener&&\"undefined\"!=typeof URL&&(d.wp=d.wp||{},d.wp.receiveEmbedMessage||(d.wp.receiveEmbedMessage=function(e){var t=e.data;if((t||t.secret||t.message||t.value)&&!\/[^a-zA-Z0-9]\/.test(t.secret)){for(var s,r,n,a=l.querySelectorAll('iframe[data-secret=\"'+t.secret+'\"]'),o=l.querySelectorAll('blockquote[data-secret=\"'+t.secret+'\"]'),c=new RegExp(\"^https?:$\",\"i\"),i=0;i<o.length;i++)o[i].style.display=\"none\";for(i=0;i<a.length;i++)s=a[i],e.source===s.contentWindow&&(s.removeAttribute(\"style\"),\"height\"===t.message?(1e3<(r=parseInt(t.value,10))?r=1e3:~~r<200&&(r=200),s.height=r):\"link\"===t.message&&(r=new URL(s.getAttribute(\"src\")),n=new URL(t.value),c.test(n.protocol))&&n.host===r.host&&l.activeElement===s&&(d.top.location.href=t.value))}},d.addEventListener(\"message\",d.wp.receiveEmbedMessage,!1),l.addEventListener(\"DOMContentLoaded\",function(){for(var e,t,s=l.querySelectorAll(\"iframe.wp-embedded-content\"),r=0;r<s.length;r++)(t=(e=s[r]).getAttribute(\"data-secret\"))||(t=Math.random().toString(36).substring(2,12),e.src+=\"#?secret=\"+t,e.setAttribute(\"data-secret\",t)),e.contentWindow.postMessage({message:\"ready\",secret:t},\"*\")},!1)))}(window,document);\n\/* ]]> *\/\n<\/script>\n","thumbnail_url":"https:\/\/www.uaga.eus\/wp-content\/uploads\/2025\/10\/250926-asamblea-idiazabal.jpg","thumbnail_width":650,"thumbnail_height":366,"description":"El pasado viernes 26 de septiembre se celebr\u00f3 en Pamplona la tercera edici\u00f3n del Idiazabal Eguna, fiesta en la que se realiz\u00f3 tambi\u00e9n la asamblea anual de la Denominaci\u00f3n de Origen. La DOP Idiazabal prev\u00e9 aumentar su producci\u00f3n en torno a un 10 %, con 1,4 millones de kilos de queso elaborados en 99 queser\u00edas. [&hellip;]"}

El pasado viernes 26 de septiembre se celebró en Pamplona la tercera edición del Idiazabal Eguna, fiesta en la que se realizó también la asamblea anual de la Denominación de Origen. La DOP Idiazabal prevé aumentar su producción en torno a un 10 %, con 1,4 millones de kilos de queso elaborados en 99 queserías. [&hellip;]
